{"id":360,"date":"2017-11-08T09:33:51","date_gmt":"2017-11-08T07:33:51","guid":{"rendered":"https:\/\/www.tres.fi\/?page_id=360"},"modified":"2018-01-28T16:06:05","modified_gmt":"2018-01-28T14:06:05","slug":"yhdistyksen-saannot","status":"publish","type":"page","link":"https:\/\/www.tres.fi\/?page_id=360","title":{"rendered":"Yhdistyksen s\u00e4\u00e4nn\u00f6t"},"content":{"rendered":"<p><strong>Nimi, kotipaikka ja toiminta-alue<\/strong><\/p>\n<p>1 \u00a7<\/p>\n<p>Yhdistyksen nimi on Tampereen Reservil\u00e4iset ry ja sen kotipaikka on Tampereen kaupunki.<\/p>\n<p>Yhdistyksen toiminta-alueena on Pirkanmaa.<\/p>\n<p>Yhdistys kuuluu j\u00e4senen\u00e4 Reservil\u00e4isliittoon RN:68126 (jota n\u00e4iss\u00e4 s\u00e4\u00e4nn\u00f6iss\u00e4 kutsutaan liitoksi) ja Pirkanmaan Reservil\u00e4ispiiri ry:hyn (jota n\u00e4iss\u00e4 s\u00e4\u00e4nn\u00f6iss\u00e4 kutsutaan piiriksi).<\/p>\n<p>&nbsp;<\/p>\n<p><strong>Tarkoitus ja toiminta<\/strong><\/p>\n<p>2 \u00a7<\/p>\n<p>Yhdistyksen teht\u00e4v\u00e4n\u00e4 on:<\/p>\n<ul>\n<li>toimia j\u00e4sentens\u00e4 yhdyssiteen\u00e4 valtakunnan turvallisuutta edist\u00e4v\u00e4\u00e4 toimintaa tukien<\/li>\n<li>kohottaa ja yll\u00e4pit\u00e4\u00e4 maanpuolustustahtoa sek\u00e4 vaikuttaa yleisten maanpuolustusedellytysten parantumiseen yhdistyksen toiminta-alueella yll\u00e4pit\u00e4\u00e4 ja kehitt\u00e4\u00e4 paikallista vapaaehtoista<\/li>\n<\/ul>\n<p>maanpuolustuskoulutustoimintaa.<\/p>\n<p>Tarkoituksensa toteuttamiseksi yhdistys:<\/p>\n<ul>\n<li>ohjaa ja tukee j\u00e4sentens\u00e4 toimintaa reservil\u00e4isin\u00e4 sek\u00e4 tiedottaa mahdollisuuksista toimia vapaaehtoisen maanpuolustusty\u00f6n hyv\u00e4ksi<\/li>\n<li>j\u00e4rjest\u00e4\u00e4 kokouksia, opiskelu-, esitelm\u00e4- ja juhlatilaisuuksia, urheiluammuntaa, erilaista kuntoilu-, kilpailu- ja retkeilytoimintaa sek\u00e4 maanpuolustuskoulutusta ja muuta maanpuolustusedellytyksi\u00e4 vahvistavaa toimintaa.<\/li>\n<\/ul>\n<p>Toimintansa tukemiseksi yhdistys harjoittaa julkaisutoimintaa sek\u00e4 sellaista taloudellista toimintaa, joka muutoin v\u00e4litt\u00f6m\u00e4sti liittyy sen tarkoituksen toteuttamiseen taikka jota on pidett\u00e4v\u00e4 taloudellisesti v\u00e4h\u00e4arvoisena.<\/p>\n<p>3 \u00a7<\/p>\n<p>Yhdistys on oikeutettu ottamaan vastaan j\u00e4lkis\u00e4\u00e4d\u00f6ksi\u00e4 ja lahjoituksia, sek\u00e4 omistamaan kiinte\u00e4t\u00e4 ja irtainta omaisuutta.<\/p>\n<p>&nbsp;<\/p>\n<p><strong>J\u00e4senyytt\u00e4 koskevat m\u00e4\u00e4r\u00e4ykset<\/strong><\/p>\n<p>4 \u00a7<\/p>\n<p>Yhdistyksen varsinaiseksi j\u00e4seneksi tai kannattavaksi j\u00e4seneksi voi p\u00e4\u00e4st\u00e4 varusmiespalveluksen suorittanut, reserviin kuuluva tai sen ik\u00e4rajan ylitt\u00e4nyt henkil\u00f6, jonka yhdistyksen hallitus j\u00e4seneksi hyv\u00e4ksyy.<\/p>\n<p>Yhdistykseen voi p\u00e4\u00e4st\u00e4 lahjoittaja- tai kannattajaj\u00e4senen\u00e4 my\u00f6s henkil\u00f6 tai oikeuskelpoinen yhteis\u00f6, jonka hallitus sellaiseksi hyv\u00e4ksyy. Lahjoittaja- tai kannatusj\u00e4senill\u00e4 ei ole \u00e4\u00e4nioikeutta yhdistyksen kokouksissa.<\/p>\n<p>J\u00e4sen on vapaa yhdistyksen j\u00e4senyydest\u00e4 sen kalenterivuoden lopusta, jonka aikana h\u00e4n on hallitukselle tai sen puheenjohtajalle kirjallisesti tai kokouksessa yhdistyksen p\u00f6yt\u00e4kirjaan merkitt\u00e4v\u00e4ksi ilmoittanut eroamisestaan.<\/p>\n<p>5 \u00a7<\/p>\n<p>J\u00e4senet suorittavat yhdistykselle kultakin toimintavuodelta j\u00e4senmaksun, jonka suuruuden yhdistyksen syyskokous vahvistaa.<\/p>\n<p>6 \u00a7<\/p>\n<p>Yhdistyksen tarkoitusperi\u00e4 huomattavalla tavalla edist\u00e4neen henkil\u00f6n voi yhdistyksen kokous hallituksen esityksest\u00e4 kutsua yhdistyksen kunniapuheenjohtajaksi tai kunniaj\u00e4seneksi.<\/p>\n<p>Kunniapuheenjohtajaksi voidaan kutsua vain yhdistyksen puheenjohtajana aiemmin toiminut henkil\u00f6. Kunniapuheenjohtajana voi olla vain yksi henkil\u00f6 kerrallaan.<\/p>\n<p>Kunniapuheenjohtaja ja kunniaj\u00e4senet eiv\u00e4t suorita yhdistykselle j\u00e4senmaksua.<\/p>\n<p>7 \u00a7<\/p>\n<p>J\u00e4senen, joka on laiminly\u00f6nyt velvollisuutensa yhdistyst\u00e4 kohtaan tai, jonka katsotaan toimineen yhdistyksen tarkoitusperi\u00e4 vastaan tai, joka on toiminut kunnian vastaisesti, voi hallitus p\u00e4\u00e4t\u00f6ksell\u00e4\u00e4n yhdistyslain mukaisesti erottaa yhdistyksest\u00e4.<\/p>\n<p>Yhdistys voi katsoa j\u00e4senen eronneeksi yhdistyksest\u00e4, jos t\u00e4m\u00e4 on j\u00e4tt\u00e4nyt j\u00e4senmaksunsa maksamatta toimikauden loppuun menness\u00e4.<\/p>\n<p>&nbsp;<\/p>\n<p><strong>Hallitus ja sen teht\u00e4v\u00e4t<\/strong><\/p>\n<p>8 \u00a7<\/p>\n<p>Hallitus toimii yhdistyksen lakim\u00e4\u00e4r\u00e4isen\u00e4 edustajana. Hallitukseen kuuluu puheenjohtajan lis\u00e4ksi v\u00e4hint\u00e4\u00e4n viisi (5) ja enint\u00e4\u00e4n viisitoista (15) j\u00e4sent\u00e4.<\/p>\n<p>Hallituksen j\u00e4senet valitaan syyskokouksessa, puheenjohtaja toimintavuodeksi ja j\u00e4senet kahdeksi toimintavuodeksi kerrallaan siten, ett\u00e4 vuosittain puolet tai l\u00e4hinn\u00e4 puolet on erovuorossa, ensimm\u00e4isell\u00e4 kerralla arvan mukaan ja sen j\u00e4lkeen vuorottain. Erovuorossa oleva voidaan valita uudestaan. Hallitus valitsee keskuudestaan ensimm\u00e4isen ja toisen varapuheenjohtajan.<\/p>\n<p>9 \u00a7<\/p>\n<p>Hallitus kokoontuu puheenjohtajan tai t\u00e4m\u00e4n ollessa estyneen\u00e4 jommankumman varapuheenjohtajan kutsusta. Kokous on p\u00e4\u00e4t\u00f6svaltainen, kun puheenjohtaja tai jompikumpi varapuheenjohtaja ja v\u00e4hint\u00e4\u00e4n puolet (1\/2) hallituksen j\u00e4senist\u00e4 on l\u00e4sn\u00e4.<\/p>\n<p>Kokouksesta on ilmoitettava hallituksen j\u00e4senille v\u00e4hint\u00e4\u00e4n kolme (3) p\u00e4iv\u00e4\u00e4 ennen kokousta.<\/p>\n<p>Hallituksen kokouksissa ratkaistaan asiat yksinkertaisella \u00e4\u00e4ntenenemmist\u00f6ll\u00e4. \u00c4\u00e4nten menness\u00e4 tasan voittaa se mielipide, johon puheenjohtaja yhtyy, henkil\u00f6vaaleissa kuitenkin arpa.<\/p>\n<p>\u00c4\u00e4nestys suoritetaan suljetuin lipuin, jos joku j\u00e4senist\u00e4 sit\u00e4 vaatii.<\/p>\n<p>&nbsp;<\/p>\n<p><strong>Hallituksen teht\u00e4v\u00e4n\u00e4 on:<\/strong><\/p>\n<p>10 \u00a7<\/p>\n<p>Hallituksen on lain ja s\u00e4\u00e4nt\u00f6jen sek\u00e4 yhdistyksen p\u00e4\u00e4t\u00f6sten mukaan huolellisesti hoidettava yhdistyksen asioita. Hallituksen on huolehdittava siit\u00e4, ett\u00e4 yhdistyksen kirjanpito on lainmukainen ja varainhoito on luotettavalla tavalla j\u00e4rjestetty. Hallitus edustaa yhdistyst\u00e4.<\/p>\n<p>&nbsp;<\/p>\n<p><strong>Kokoukset<\/strong><\/p>\n<p>11 \u00a7<\/p>\n<p>Yhdistyksen varsinaisia kokouksia ovat kev\u00e4tkokous ja syyskokous, joiden ajan ja paikan m\u00e4\u00e4r\u00e4\u00e4 yhdistyksen hallitus. Kev\u00e4tkokous on pidett\u00e4v\u00e4 viimeist\u00e4\u00e4n huhtikuun aikana ja syyskokous viimeist\u00e4\u00e4n lokakuun aikana.<\/p>\n<p>12 \u00a7<br \/>\nYhdistyksen ylim\u00e4\u00e4r\u00e4inen kokous on pidett\u00e4v\u00e4, kun yhdistyksen kokous niin p\u00e4\u00e4tt\u00e4\u00e4 tai hallitus siihen katsoo olevan aihetta taikka v\u00e4hint\u00e4\u00e4n yksi kymmenesosa (1\/10) yhdistyksen \u00e4\u00e4nioikeutetuista j\u00e4senist\u00e4 sit\u00e4 ilmoittamansa asian k\u00e4sittely\u00e4 varten kirjallisesti hallitukselta vaatii.<\/p>\n<p>13 \u00a7<\/p>\n<p>Kokouskutsu ja muut tiedonannot toimitetaan j\u00e4senille joko jaettavassa tiedotuslehdess\u00e4, kirjeitse, s\u00e4hk\u00f6postilla yhdistykselle ilmoittamaansa osoitteeseen tai ilmoittamalla paikallisessa sanomalehdess\u00e4 taikka yhdistyksen nettisivuilla. Kev\u00e4t- ja syyskokouksesta on ilmoitettava v\u00e4hint\u00e4\u00e4n nelj\u00e4toista (14) vuorokautta ja muista kokouksista v\u00e4hint\u00e4\u00e4n viisi (5) vuorokautta ennen kokousta.<\/p>\n<p>14 \u00a7<\/p>\n<p>Yhdistyksen kokouksissa ratkaistaan asiat yksinkertaisella \u00e4\u00e4ntenenemmist\u00f6ll\u00e4, jollei n\u00e4iss\u00e4 s\u00e4\u00e4nn\u00f6iss\u00e4 toisin mainita. \u00c4\u00e4nten menness\u00e4 tasan ratkaisee puheenjohtajan \u00e4\u00e4ni. Milloin joku j\u00e4senist\u00e4 sit\u00e4 vaatii, toimitetaan vaali suljetuin lipuin, jolloin \u00e4\u00e4nten menness\u00e4 tasan, ratkaisee arpa. J\u00e4senell\u00e4, joka ei ole suorittanut j\u00e4senmaksuvelvollisuuttaan ei ole \u00e4\u00e4nioikeutta yhdistyksen kokouksissa.<\/p>\n<p>15 \u00a7<\/p>\n<p>Yhdistyksen kev\u00e4tkokouksessa k\u00e4sitell\u00e4\u00e4n seuraavat asiat:<\/p>\n<ol>\n<li>Valitaan kokouksen puheenjohtaja(t), sihteeri(t) ja p\u00f6yt\u00e4kirjantarkastajat.<\/li>\n<li>Todetaan kokouksen laillisuus ja p\u00e4\u00e4t\u00f6svaltaisuus.<\/li>\n<li>Hyv\u00e4ksyt\u00e4\u00e4n kokouksen ty\u00f6j\u00e4rjestys.<\/li>\n<li>K\u00e4sitell\u00e4\u00e4n yhdistyksen toiminta- ja tilikertomukset.<\/li>\n<li>Esitet\u00e4\u00e4n tilintarkastajan tai toiminnantarkastajan (jien) lausunto, vahvistetaan tilinp\u00e4\u00e4t\u00f6s ja p\u00e4\u00e4tet\u00e4\u00e4n hallitukselle my\u00f6nnett\u00e4v\u00e4st\u00e4 vastuuvapaudesta.<\/li>\n<li>K\u00e4sitell\u00e4\u00e4n muut hallituksen esitt\u00e4m\u00e4t tai j\u00e4senten v\u00e4hint\u00e4\u00e4n seitsem\u00e4n (7) vuorokautta ennen kokousta hallitukselle kirjallisesti ilmoittamat asiat.<\/li>\n<\/ol>\n<p>16 \u00a7<\/p>\n<p>Yhdistyksen syyskokouksessa k\u00e4sitell\u00e4\u00e4n seuraavat asiat:<\/p>\n<ol>\n<li>Valitaan kokouksen puheenjohtaja(t), sihteeri(t) ja p\u00f6yt\u00e4kirjantarkastajat.<\/li>\n<li>Todetaan kokouksen laillisuus ja p\u00e4\u00e4t\u00f6svaltaisuus.<\/li>\n<li>Hyv\u00e4ksyt\u00e4\u00e4n kokouksen ty\u00f6j\u00e4rjestys.<\/li>\n<li>Vahvistetaan seuraavan toimintavuoden toimintasuunnitelma.<\/li>\n<li>Vahvistetaan seuraavan toimintavuoden j\u00e4senmaksun suuruus.<\/li>\n<li>Vahvistetaan seuraavan toimintavuoden talousarvio.<\/li>\n<li>Valitaan yksi (1)tai kaksi (2) toiminnantarkastajaa ja n\u00e4ille yksi (1) tai kaksi (2) varahenkil\u00f6\u00e4. Mik\u00e4li yhdistykselle on lain mukaan valittava auktorisoitu tilintarkastaja, valitaan yksi tilintarkastaja ja yksi varahenkil\u00f6.<\/li>\n<li>P\u00e4\u00e4tet\u00e4\u00e4n hallituksen j\u00e4senten lukum\u00e4\u00e4r\u00e4 s\u00e4\u00e4nt\u00f6jen 8 \u00a7:n m\u00e4\u00e4r\u00e4\u00e4miss\u00e4 rajoissa.<\/li>\n<li>Valitaan hallituksen puheenjohtaja, jota nimitet\u00e4\u00e4n my\u00f6s yhdistyksen puheenjohtajaksi.<\/li>\n<li>Valitaan hallituksen muut j\u00e4senet erovuorossa olevien tilalle.<\/li>\n<li>Valitaan piirin s\u00e4\u00e4nt\u00f6jen edellytt\u00e4m\u00e4t edustajat piirin kokouksiin.<\/li>\n<li>Valitaan liiton s\u00e4\u00e4nt\u00f6jen edellytt\u00e4m\u00e4t edustajat liiton kokouksiin.<\/li>\n<li>K\u00e4sitell\u00e4\u00e4n muut hallituksen esitt\u00e4m\u00e4t tai j\u00e4senten v\u00e4hint\u00e4\u00e4n seitsem\u00e4n (7) vuorokautta ennen kokousta hallitukselle kirjallisesti ilmoittamat asiat.<\/li>\n<\/ol>\n<p><strong>\u00a0<\/strong><\/p>\n<p><strong>Toiminta- ja tilivuosi sek\u00e4 tilintarkastus tai toiminnantarkastus<\/strong><\/p>\n<p>17 \u00a7<\/p>\n<p>Yhdistyksen toiminta- ja tilivuosi on kalenterivuosi. Yhdistyksen tilit ja muut hallintoa koskevat asiat on ennen maaliskuun 31. p\u00e4iv\u00e4\u00e4 luovutettava toiminnantarkastajille tai tilintarkastajalle , joiden tulee antaa tarkastuskertomuksensa hallitukselle huhtikuun kuluessa, mutta viimeist\u00e4\u00e4n kahta (2) viikkoa ennen yhdistyksen kev\u00e4tkokousta. Tarkastusta varten on varattava v\u00e4hint\u00e4\u00e4n seitsem\u00e4n (7) vuorokautta.<\/p>\n<p>&nbsp;<\/p>\n<p><strong>Yhdistyksen nimen kirjoittaminen<\/strong><\/p>\n<p>18 \u00a7<\/p>\n<p>Yhdistyksen nimen kirjoittavat puheenjohtaja ja jompikumpi varapuheenjohtajista, heist\u00e4 kaksi yhdess\u00e4 tai joku heist\u00e4 yhdess\u00e4 jonkun hallituksen m\u00e4\u00e4r\u00e4\u00e4m\u00e4n toimihenkil\u00f6n kanssa.<\/p>\n<p>&nbsp;<\/p>\n<p><strong>S\u00e4\u00e4nt\u00f6jen muuttaminen<\/strong><\/p>\n<p>19 \u00a7<\/p>\n<p>P\u00e4\u00e4t\u00f6ksiin, jotka tarkoittavat n\u00e4iden s\u00e4\u00e4nt\u00f6jen muuttamista, vaaditaan v\u00e4hint\u00e4\u00e4n kolme nelj\u00e4sosaa (3\/4) yhdistyksen kokouksessa annetuista \u00e4\u00e4nist\u00e4. S\u00e4\u00e4nt\u00f6muutokselle on saatava liiton hallituksen hyv\u00e4ksynt\u00e4.<\/p>\n<p>&nbsp;<\/p>\n<p><strong>Yhdistyksen purkaminen<\/strong><\/p>\n<p>20 \u00a7<\/p>\n<p>P\u00e4\u00e4t\u00f6ksiin, jotka tarkoittavat yhdistyksen purkamista, vaaditaan v\u00e4hint\u00e4\u00e4n kolme nelj\u00e4sosaa (3\/4) yhdistyksen kokouksessa annetuista \u00e4\u00e4nist\u00e4 ja p\u00e4\u00e4t\u00f6s on vahvistettava seuraavassa aikaisintaan kuukauden kuluttua pidett\u00e4v\u00e4ss\u00e4 yhdistyksen kokouksessa samanlaisella (3\/4) \u00e4\u00e4ntenenemmist\u00f6ll\u00e4.<\/p>\n<p>Saavutetut j\u00e4senoikeuden s\u00e4ilyv\u00e4t<\/p>\n<p>21 \u00a7<\/p>\n<p>Jos yhdistys purkautuu tai lakkautetaan, luovutetaan j\u00e4ljelle j\u00e4\u00e4neet varat Aliupseerien Huoltos\u00e4\u00e4ti\u00f6lle.<\/p>\n<p>22 \u00a7<\/p>\n<p>Saavutetut j\u00e4senoikeuden s\u00e4ilyv\u00e4t<\/p>\n","protected":false},"excerpt":{"rendered":"<p>Nimi, kotipaikka ja toiminta-alue 1 \u00a7 Yhdistyksen nimi on Tampereen Reservil\u00e4iset ry ja sen kotipaikka on Tampereen kaupunki. Yhdistyksen toiminta-alueena on Pirkanmaa. Yhdistys kuuluu j\u00e4senen\u00e4 Reservil\u00e4isliittoon RN:68126 (jota n\u00e4iss\u00e4 s\u00e4\u00e4nn\u00f6iss\u00e4 kutsutaan liitoksi) ja Pirkanmaan Reservil\u00e4ispiiri ry:hyn (jota n\u00e4iss\u00e4 s\u00e4\u00e4nn\u00f6iss\u00e4 kutsutaan<\/p>\n","protected":false},"author":1,"featured_media":0,"parent":55,"menu_order":0,"comment_status":"closed","ping_status":"closed","template":"","meta":{"footnotes":""},"class_list":["post-360","page","type-page","status-publish","hentry"],"_links":{"self":[{"href":"https:\/\/www.tres.fi\/index.php?rest_route=\/wp\/v2\/pages\/360","targetHints":{"allow":["GET"]}}],"collection":[{"href":"https:\/\/www.tres.fi\/index.php?rest_route=\/wp\/v2\/pages"}],"about":[{"href":"https:\/\/www.tres.fi\/index.php?rest_route=\/wp\/v2\/types\/page"}],"author":[{"embeddable":true,"href":"https:\/\/www.tres.fi\/index.php?rest_route=\/wp\/v2\/users\/1"}],"replies":[{"embeddable":true,"href":"https:\/\/www.tres.fi\/index.php?rest_route=%2Fwp%2Fv2%2Fcomments&post=360"}],"version-history":[{"count":3,"href":"https:\/\/www.tres.fi\/index.php?rest_route=\/wp\/v2\/pages\/360\/revisions"}],"predecessor-version":[{"id":475,"href":"https:\/\/www.tres.fi\/index.php?rest_route=\/wp\/v2\/pages\/360\/revisions\/475"}],"up":[{"embeddable":true,"href":"https:\/\/www.tres.fi\/index.php?rest_route=\/wp\/v2\/pages\/55"}],"wp:attachment":[{"href":"https:\/\/www.tres.fi\/index.php?rest_route=%2Fwp%2Fv2%2Fmedia&parent=360"}],"curies":[{"name":"wp","href":"https:\/\/api.w.org\/{rel}","templated":true}]}}