{"id":189,"date":"2017-08-08T19:17:32","date_gmt":"2017-08-08T17:17:32","guid":{"rendered":"https:\/\/www.tres.fi\/?page_id=189"},"modified":"2018-01-28T16:05:18","modified_gmt":"2018-01-28T14:05:18","slug":"ansiomitali","status":"publish","type":"page","link":"https:\/\/www.tres.fi\/?page_id=189","title":{"rendered":"Ansiomitali"},"content":{"rendered":"<h5>TAMPEREEN RESERVIL\u00c4ISET RY:N ANSIOMITALI<\/h5>\n<p>YLEIST\u00c4<\/p>\n<p>Tampereen Reservil\u00e4iset ry:n ansiomitali on virallinen Huomionosoitus is\u00e4nmaan hyv\u00e4ksi ja\/tai vapaaehtoisen maanpuolustuksen hyv\u00e4ksi suoritetussa toiminnassa ansioituneille.<\/p>\n<p>Ansiomitali on p\u00e4\u00e4s\u00e4\u00e4nt\u00f6isesti j\u00e4senille my\u00f6nnett\u00e4v\u00e4 huomionosoitus, joka jakaantuu nelj\u00e4\u00e4n luokkaan:<br \/>\n3.luokka: pronssinen ansiomitali (TRES pam),<br \/>\n2.luokka: hopeinen ansiomitali (TRES ham),<br \/>\n1.luokka: kultainen ansiomitali (TRES kam)<br \/>\nja erikoisluokka kultainen ansiomitali soljen kera (TRES kam sk).<\/p>\n<p>Erikoisluokan mitaleiden k\u00e4\u00e4nt\u00f6puolella on juokseva numerointi ja mitalin nauhassa on Reservil\u00e4isliiton tunnuskuviosta muodostettu noin 8&#215;8 mm kokoinen solki. Puolustusvoimien komentajalta pyydet\u00e4\u00e4n hyv\u00e4ksymist\u00e4, jotta mitalia voidaan kantaa my\u00f6s virkapuvussa.<\/p>\n<p>Majuri Matti Ponsin suunnitteleman mitalin symbolinen selitys: Aaltokoroinen palkki viittaa Tammerkoskeen ja kotikaupungin vaakunaan, Reservil\u00e4isliiton tunnus ja havu yhdistyksen lipun tunnuksiin. Nauhan v\u00e4rit ovat H\u00e4meen ja Pirkanmaan sek\u00e4 Tampereen kaupungin heraldisten v\u00e4rien yhdistelm\u00e4.<\/p>\n<p>MITALIN MY\u00d6NT\u00c4MINEN<\/p>\n<p>Mitalit my\u00f6nt\u00e4\u00e4 yhdistyksen mitalitoimikunnan esittelyst\u00e4 Tampereen Reservil\u00e4iset ry:n hallitus. Mitalitoimikunnan muodostaa yhdistyksen ty\u00f6valiokunta. Esityksen hallitukselle mitalin my\u00f6nt\u00e4misest\u00e4 voi tehd\u00e4 Tampereen Reservil\u00e4isten j\u00e4sen, alaosasto tai toimikunta. Mitali voidaan my\u00f6nt\u00e4\u00e4 my\u00f6s Tampereen Reservil\u00e4isiin kuulumattomalle henkil\u00f6lle tai yhteis\u00f6lle.<\/p>\n<p>PRONSSINEN ANSIOMITALI<\/p>\n<p>Pronssinen ansiomitali voidaan my\u00f6nt\u00e4\u00e4 j\u00e4senelle, jonka j\u00e4senyys on kest\u00e4nyt v\u00e4hint\u00e4\u00e4n kolme (3) vuotta ja joka on osallistunut yhdistyksen ja \/tai Reservil\u00e4ispiirin toimintaan aktiivisena j\u00e4senen\u00e4.<\/p>\n<p>HOPEINEN ANSIOMITALI<\/p>\n<p>Hopeinen ansiomitali voidaan my\u00f6nt\u00e4\u00e4 j\u00e4senelle, jonka j\u00e4senyys on kest\u00e4nyt v\u00e4hint\u00e4\u00e4n kuusi (6) vuotta ja joka on osallistunut yhdistyksen ja \/tai Reservil\u00e4ispiirin toimintaan aktiivisena j\u00e4senen\u00e4.<\/p>\n<p>KULTAINEN ANSIOMITALI<\/p>\n<p>Kultainen ansiomitali voidaan my\u00f6nt\u00e4\u00e4 j\u00e4senelle, jonka j\u00e4senyys on kest\u00e4nyt v\u00e4hint\u00e4\u00e4n kymmenen (10) vuotta ja joka on osallistunut yhdistyksen ja\/tai Reservil\u00e4ispiirin toimintaan aktiivisesti j\u00e4senen\u00e4 sek\u00e4 toiminut v\u00e4hint\u00e4\u00e4n viisi (5) vuotta hallituksen tai toimikunnan j\u00e4senen\u00e4. Piiri- tai liittotasoisen, projektiluonteisen teht\u00e4v\u00e4n hoitaminen vastaa edell\u00e4 mainittua hallituksen tai toimikunnan j\u00e4senyytt\u00e4.<\/p>\n<p><a href=\"https:\/\/www.tres.fi\/wp-content\/uploads\/2017\/08\/TRES_mitalit.jpg\"><img loading=\"lazy\" decoding=\"async\" class=\"alignnone size-full wp-image-190\" src=\"https:\/\/www.tres.fi\/wp-content\/uploads\/2017\/08\/TRES_mitalit.jpg\" alt=\"\" width=\"480\" height=\"337\" srcset=\"https:\/\/www.tres.fi\/wp-content\/uploads\/2017\/08\/TRES_mitalit.jpg 480w, https:\/\/www.tres.fi\/wp-content\/uploads\/2017\/08\/TRES_mitalit-300x211.jpg 300w\" sizes=\"auto, (max-width: 480px) 100vw, 480px\" \/><\/a><\/p>\n<p><em>Vasemmalta oikealle: TRES kam sk, TRES kam, TRES ham, TRES pam<\/em><\/p>\n","protected":false},"excerpt":{"rendered":"<p>TAMPEREEN RESERVIL\u00c4ISET RY:N ANSIOMITALI YLEIST\u00c4 Tampereen Reservil\u00e4iset ry:n ansiomitali on virallinen Huomionosoitus is\u00e4nmaan hyv\u00e4ksi ja\/tai vapaaehtoisen maanpuolustuksen hyv\u00e4ksi suoritetussa toiminnassa ansioituneille. Ansiomitali on p\u00e4\u00e4s\u00e4\u00e4nt\u00f6isesti j\u00e4senille my\u00f6nnett\u00e4v\u00e4 huomionosoitus, joka jakaantuu nelj\u00e4\u00e4n luokkaan: 3.luokka: pronssinen ansiomitali (TRES pam), 2.luokka: hopeinen ansiomitali (TRES<\/p>\n","protected":false},"author":1,"featured_media":0,"parent":55,"menu_order":0,"comment_status":"closed","ping_status":"closed","template":"","meta":{"footnotes":""},"class_list":["post-189","page","type-page","status-publish","hentry"],"_links":{"self":[{"href":"https:\/\/www.tres.fi\/index.php?rest_route=\/wp\/v2\/pages\/189","targetHints":{"allow":["GET"]}}],"collection":[{"href":"https:\/\/www.tres.fi\/index.php?rest_route=\/wp\/v2\/pages"}],"about":[{"href":"https:\/\/www.tres.fi\/index.php?rest_route=\/wp\/v2\/types\/page"}],"author":[{"embeddable":true,"href":"https:\/\/www.tres.fi\/index.php?rest_route=\/wp\/v2\/users\/1"}],"replies":[{"embeddable":true,"href":"https:\/\/www.tres.fi\/index.php?rest_route=%2Fwp%2Fv2%2Fcomments&post=189"}],"version-history":[{"count":2,"href":"https:\/\/www.tres.fi\/index.php?rest_route=\/wp\/v2\/pages\/189\/revisions"}],"predecessor-version":[{"id":474,"href":"https:\/\/www.tres.fi\/index.php?rest_route=\/wp\/v2\/pages\/189\/revisions\/474"}],"up":[{"embeddable":true,"href":"https:\/\/www.tres.fi\/index.php?rest_route=\/wp\/v2\/pages\/55"}],"wp:attachment":[{"href":"https:\/\/www.tres.fi\/index.php?rest_route=%2Fwp%2Fv2%2Fmedia&parent=189"}],"curies":[{"name":"wp","href":"https:\/\/api.w.org\/{rel}","templated":true}]}}