{"id":1304,"date":"2022-01-12T19:14:39","date_gmt":"2022-01-12T17:14:39","guid":{"rendered":"https:\/\/www.tres.fi\/?page_id=1304"},"modified":"2026-04-07T19:35:36","modified_gmt":"2026-04-07T17:35:36","slug":"liikuntaosasto","status":"publish","type":"page","link":"https:\/\/www.tres.fi\/?page_id=1304","title":{"rendered":"Liikuntaosasto"},"content":{"rendered":"<div dir=\"auto\">\n<h2>Tervetuloa TRESin liikuntaosaston sivulle!<\/h2>\n<p>Liikuntaosasto keskittyy &#8221;siviili-liikuntaan&#8221;, eli osastot &#8221;pihka &amp; ruuti&#8221; ovat muiden osastojen hoidettavina (maasto &amp; ammunta).<br \/>\nTeemme l\u00e4heist\u00e4 yhteisty\u00f6t\u00e4 TamRU:n liikuntatoimen kanssa. Yhteenlaskettuna j\u00e4senm\u00e4\u00e4r\u00e4mme on l\u00e4hes 3000!<\/p>\n<p>Mik\u00e4li harrastatte s\u00e4\u00e4nn\u00f6llisesti liikuntaa ja toivotte lis\u00e4\u00e4 harrastajia lajiinne, niin ottakaahan yhteytt\u00e4, tiedotetaan asiasta ja ruvetaan liikkumaan!<\/p>\n<\/div>\n<hr \/>\n<h2>Resul 4DM<\/h2>\n<p>Resulin et\u00e4marssi on j\u00e4lleen edess\u00e4!<\/p>\n<p>T\u00e4n\u00e4 vuonna olemme Torstaina Lamminp\u00e4\u00e4ss\u00e4 Piirin tapahtumassa ja muut p\u00e4iv\u00e4t tutusti hervannassa.<\/p>\n<p>2026-05-14 &#8211; Torstai 10:00 &#8211; Yl\u00f6j\u00e4rvi \/ Lamminp\u00e4\u00e4<br \/>\n2026-05-15 &#8211; Perjantai 17:00 &#8211; Tampere \/ Hervanta<br \/>\n2026-05-16 &#8211; Lauantai 12:00 &#8211; Tampere \/ Hervanta<br \/>\n2026-05-17 &#8211; Sunnuntai 12:00 &#8211; Tampere \/ Hervanta<\/p>\n<p><a href=\"https:\/\/resulfourdaymarch.fi\/\">https:\/\/resulfourdaymarch.fi\/<\/a><\/p>\n<h3>Lamminp\u00e4\u00e4n l\u00e4ht\u00f6:<\/h3>\n<blockquote class=\"wp-embedded-content\" data-secret=\"3Qo6FxmlvB\"><p><a href=\"https:\/\/pirkanviesti.fi\/tapahtumat\/resul-four-day-march-ylojarvi\/\">RESUL FOUR DAY MARCH YL\u00d6J\u00c4RVI<\/a><\/p><\/blockquote>\n<p><iframe loading=\"lazy\" class=\"wp-embedded-content\" sandbox=\"allow-scripts\" security=\"restricted\" style=\"position: absolute; visibility: hidden;\" title=\"&#8221;RESUL FOUR DAY MARCH YL\u00d6J\u00c4RVI&#8221; &#8212; Pirkan Viesti\" src=\"https:\/\/pirkanviesti.fi\/tapahtumat\/resul-four-day-march-ylojarvi\/embed\/#?secret=P6OwnhQLdw#?secret=3Qo6FxmlvB\" data-secret=\"3Qo6FxmlvB\" width=\"600\" height=\"338\" frameborder=\"0\" marginwidth=\"0\" marginheight=\"0\" scrolling=\"no\"><\/iframe><\/p>\n<h3>Hervannan l\u00e4ht\u00f6:<\/h3>\n<p><a href=\"https:\/\/www.tres.fi\/wp-content\/uploads\/2023\/05\/4dm_hervantajarvi.jpg\"><img loading=\"lazy\" decoding=\"async\" class=\"alignnone wp-image-1726 size-full\" src=\"https:\/\/www.tres.fi\/wp-content\/uploads\/2023\/05\/4dm_hervantajarvi.jpg\" alt=\"\" width=\"982\" height=\"672\" srcset=\"https:\/\/www.tres.fi\/wp-content\/uploads\/2023\/05\/4dm_hervantajarvi.jpg 982w, https:\/\/www.tres.fi\/wp-content\/uploads\/2023\/05\/4dm_hervantajarvi-300x205.jpg 300w, https:\/\/www.tres.fi\/wp-content\/uploads\/2023\/05\/4dm_hervantajarvi-768x526.jpg 768w\" sizes=\"auto, (max-width: 982px) 100vw, 982px\" \/><\/a><\/p>\n<hr \/>\n<h2>TRES Kuntoliikunta 2026<\/h2>\n<p>Vaatimuksena tunnin suoritus vapaasti valittavassa lajissa.<\/p>\n<p>Tavoitteena on ennen kaikkea kannustaa harrastamaan liikuntaa ja samalla muistuttaa reservil\u00e4isi\u00e4 fyysisen toimintakyvyn yll\u00e4pidon t\u00e4rkeydest\u00e4.<br \/>\nLis\u00e4tietoja Timo-Matti Pitk\u00e4nen <em>timo_pitkanen_tres+liikunta (at) pm.me<\/em><\/p>\n<p><a href=\"https:\/\/docs.google.com\/forms\/d\/e\/1FAIpQLSc39xi7opXO1tPov3UHmu_2I2ZbboWNHE03rLRJQF29eNn3KQ\/viewform\">Kirjaa Suoritus T\u00e4st\u00e4<\/a><\/p>\n<p>Nyt testik\u00e4yt\u00f6ss\u00e4 my\u00f6s <a href=\"https:\/\/resul.fi\/uutinen\/reservilaisurheiluliiton-kuntokortti\/\">Reservil\u00e4isurheiluliiton sovellus<\/a>.<\/p>\n<hr \/>\n<h2>Keskiviikkoisin: Viikkolenkki Hervannassa<\/h2>\n<p>TaKoRUn legendaarinen viikkolenkki juostaan joka keskiviikko Hervannassa tai sen l\u00e4hiymp\u00e4rist\u00f6ss\u00e4. Lenkille l\u00e4hdet\u00e4\u00e4n TAU:n Hervannan kampuksen obeliskilta, joka l\u00f6ytyy Tietotalon ja parkkitalon v\u00e4liselt\u00e4 nurmikent\u00e4lt\u00e4. Kokoontumisaika on 18:00 ja liikkeelle l\u00e4hdet\u00e4\u00e4n noin 18:03.<\/p>\n<p>Pituutta lenkille kertyy osallistujien toiveiden mukaan n. 4 &#8211; 14 kilometria. Usein matkassa on hyvin eritasoisia juoksijoita, jolloin kulkueen etenemisnopeus m\u00e4\u00e4r\u00e4ytyy hitaimman mukaan. Tarvittaessa nopeammat voivat sitten polttaa tarmoaan ottamalla ylim\u00e4\u00e4r\u00e4isi\u00e4 vetoja yl\u00e4m\u00e4kiin, kantamalla lis\u00e4painoa repussa jne.<\/p>\n<p><a href=\"http:\/\/www.takoru.fi\/?pg=ajankohtaista&amp;id=632\">Lis\u00e4tietoja TaKoRU:n sivuilta<\/a><\/p>\n<hr \/>\n<h2>TRES &amp; TamRU Yhteisliikunta 2026<\/h2>\n<p>J\u00e4rjest\u00e4mme ohjattua perusliikuntaa yhdistysten j\u00e4senille mm kevytt\u00e4 k\u00e4vely\u00e4, johon on mahdollisuus osallistua eripuolilla Tampereen seutua.<\/p>\n<p><strong>Ilmoittaudu viimeist\u00e4\u00e4n edellisen\u00e4 p\u00e4iv\u00e4n\u00e4 s\u00e4hk\u00f6postitse.<\/strong> Laita s\u00e4hk\u00f6postiin nimesi sek\u00e4 puhelinnumerosi niin p\u00e4\u00e4st\u00e4\u00e4n sopimaan tarkemmin tapaaminen. Laittakaa s-postin aiheeseen [RES liikunta].<\/p>\n<p>Mik\u00e4li harrastat s\u00e4\u00e4nn\u00f6llist\u00e4 liikuntaa ja haluat itse yhteyshenkil\u00f6ksi, ota yhteytt\u00e4 Timoon tai Marttiin ja keskustellaan asiasta enemm\u00e4n.<\/p>\n<table>\n<tbody>\n<tr>\n<td><em>Yhteyhenkil\u00f6<\/em><\/td>\n<td><em>Aika \/ Paikka<br \/>\n<\/em><\/td>\n<\/tr>\n<tr>\n<td>Timo (TRES)<br \/>\ns-posti: timo_pitkanen_tres+liikunta (at) pm.me<\/td>\n<td>Ei ilmoitettuja tapahtumia.<\/td>\n<\/tr>\n<tr>\n<td>Martti (TamRU)<br \/>\ns-posti: kaunistomartti@gmail.com<\/td>\n<td>Ei ilmoitettuja tapahtumia.<\/td>\n<\/tr>\n<tr>\n<td>Jenny (TRES)<br \/>\ns-posti: tresliikunta@gmail.com<\/td>\n<td>Ei ilmoitettuja tapahtumia.<\/td>\n<\/tr>\n<\/tbody>\n<\/table>\n<hr \/>\n<h2>Tapahtumakalenteri<\/h2>\n<table style=\"height: 71px;\" width=\"623\">\n<tbody>\n<tr>\n<td><em>pvm.<\/em><\/td>\n<td><em>j\u00e4rjest\u00e4j\u00e4<\/em><\/td>\n<td><em>nimike &amp; linkki<\/em><\/td>\n<\/tr>\n<tr>\n<td><\/td>\n<td><\/td>\n<td><\/td>\n<\/tr>\n<tr>\n<td><\/td>\n<td><\/td>\n<td><\/td>\n<\/tr>\n<tr>\n<td><\/td>\n<td><\/td>\n<td><\/td>\n<\/tr>\n<\/tbody>\n<\/table>\n<p>&nbsp;<\/p>\n","protected":false},"excerpt":{"rendered":"<p>Tervetuloa TRESin liikuntaosaston sivulle! Liikuntaosasto keskittyy &#8221;siviili-liikuntaan&#8221;, eli osastot &#8221;pihka &amp; ruuti&#8221; ovat muiden osastojen hoidettavina (maasto &amp; ammunta). Teemme l\u00e4heist\u00e4 yhteisty\u00f6t\u00e4 TamRU:n liikuntatoimen kanssa. Yhteenlaskettuna j\u00e4senm\u00e4\u00e4r\u00e4mme on l\u00e4hes 3000! Mik\u00e4li harrastatte s\u00e4\u00e4nn\u00f6llisesti liikuntaa ja toivotte lis\u00e4\u00e4 harrastajia lajiinne, niin<\/p>\n","protected":false},"author":6,"featured_media":0,"parent":155,"menu_order":0,"comment_status":"closed","ping_status":"closed","template":"","meta":{"footnotes":""},"class_list":["post-1304","page","type-page","status-publish","hentry"],"_links":{"self":[{"href":"https:\/\/www.tres.fi\/index.php?rest_route=\/wp\/v2\/pages\/1304","targetHints":{"allow":["GET"]}}],"collection":[{"href":"https:\/\/www.tres.fi\/index.php?rest_route=\/wp\/v2\/pages"}],"about":[{"href":"https:\/\/www.tres.fi\/index.php?rest_route=\/wp\/v2\/types\/page"}],"author":[{"embeddable":true,"href":"https:\/\/www.tres.fi\/index.php?rest_route=\/wp\/v2\/users\/6"}],"replies":[{"embeddable":true,"href":"https:\/\/www.tres.fi\/index.php?rest_route=%2Fwp%2Fv2%2Fcomments&post=1304"}],"version-history":[{"count":105,"href":"https:\/\/www.tres.fi\/index.php?rest_route=\/wp\/v2\/pages\/1304\/revisions"}],"predecessor-version":[{"id":2301,"href":"https:\/\/www.tres.fi\/index.php?rest_route=\/wp\/v2\/pages\/1304\/revisions\/2301"}],"up":[{"embeddable":true,"href":"https:\/\/www.tres.fi\/index.php?rest_route=\/wp\/v2\/pages\/155"}],"wp:attachment":[{"href":"https:\/\/www.tres.fi\/index.php?rest_route=%2Fwp%2Fv2%2Fmedia&parent=1304"}],"curies":[{"name":"wp","href":"https:\/\/api.w.org\/{rel}","templated":true}]}}